{"id":91,"date":"2023-08-23T13:43:11","date_gmt":"2023-08-23T13:43:11","guid":{"rendered":"https:\/\/reconis.de\/?page_id=91"},"modified":"2024-01-09T11:47:45","modified_gmt":"2024-01-09T11:47:45","slug":"home","status":"publish","type":"page","link":"https:\/\/reconis.de\/","title":{"rendered":"Reconis"},"content":{"rendered":"\t\t<div data-elementor-type=\"wp-page\" data-elementor-id=\"91\" class=\"elementor elementor-91\" data-elementor-post-type=\"page\">\n\t\t\t\t<div class=\"elementor-element elementor-element-8b42f2d e-flex e-con-boxed e-con e-parent\" data-id=\"8b42f2d\" data-element_type=\"container\" data-settings=\"{&quot;background_background&quot;:&quot;slideshow&quot;,&quot;background_slideshow_gallery&quot;:[],&quot;background_slideshow_loop&quot;:&quot;yes&quot;,&quot;background_slideshow_slide_duration&quot;:5000,&quot;background_slideshow_slide_transition&quot;:&quot;fade&quot;,&quot;background_slideshow_transition_duration&quot;:500,&quot;background_motion_fx_devices&quot;:[&quot;desktop&quot;,&quot;tablet_extra&quot;,&quot;tablet&quot;,&quot;mobile&quot;]}\">\n\t\t\t\t\t<div class=\"e-con-inner\">\n\t\t<div class=\"elementor-element elementor-element-f06560c e-flex e-con-boxed e-con e-child\" data-id=\"f06560c\" data-element_type=\"container\">\n\t\t\t\t\t<div class=\"e-con-inner\">\n\t\t\t\t<div class=\"elementor-element elementor-element-330e715 elementor-widget elementor-widget-heading\" data-id=\"330e715\" data-element_type=\"widget\" data-widget_type=\"heading.default\">\n\t\t\t\t<div class=\"elementor-widget-container\">\n\t\t\t\t\t<h1 class=\"elementor-heading-title elementor-size-default\">Nachhaltig beraten und steuern.<\/h1>\t\t\t\t<\/div>\n\t\t\t\t<\/div>\n\t\t\t\t\t<\/div>\n\t\t\t\t<\/div>\n\t\t\t\t\t<\/div>\n\t\t\t\t<\/div>\n\t\t<div class=\"elementor-element elementor-element-2c097e9 e-flex e-con-boxed e-con e-parent\" data-id=\"2c097e9\" data-element_type=\"container\" data-settings=\"{&quot;background_background&quot;:&quot;classic&quot;}\">\n\t\t\t\t\t<div class=\"e-con-inner\">\n\t\t<div class=\"elementor-element elementor-element-8a19091 e-con-full e-flex e-con e-child\" data-id=\"8a19091\" data-element_type=\"container\">\n\t\t\t\t<div class=\"elementor-element elementor-element-7f5d47c elementor-widget elementor-widget-heading\" data-id=\"7f5d47c\" data-element_type=\"widget\" data-widget_type=\"heading.default\">\n\t\t\t\t<div class=\"elementor-widget-container\">\n\t\t\t\t\t<h2 class=\"elementor-heading-title elementor-size-default\">Erfahrung trifft Innovation<\/h2>\t\t\t\t<\/div>\n\t\t\t\t<\/div>\n\t\t\t\t<div class=\"elementor-element elementor-element-6976e1a elementor-widget-tablet__width-initial elementor-widget elementor-widget-heading\" data-id=\"6976e1a\" data-element_type=\"widget\" data-widget_type=\"heading.default\">\n\t\t\t\t<div class=\"elementor-widget-container\">\n\t\t\t\t\t<h2 class=\"elementor-heading-title elementor-size-default\">Seit 15 Jahren sind wir ihr Partner f\u00fcr die Projektsteuerung von Bauvorhaben und die technisch-wirtschaftliche Immobilienberatung<\/h2>\t\t\t\t<\/div>\n\t\t\t\t<\/div>\n\t\t\t\t<\/div>\n\t\t<div class=\"elementor-element elementor-element-61bf4b1 e-con-full e-flex e-con e-child\" data-id=\"61bf4b1\" data-element_type=\"container\" data-settings=\"{&quot;background_background&quot;:&quot;classic&quot;}\">\n\t\t\t\t<div class=\"elementor-element elementor-element-887158d elementor-widget__width-initial elementor-widget-tablet_extra__width-initial elementor-widget-mobile__width-initial elementor-widget-tablet__width-initial elementor-widget elementor-widget-image\" data-id=\"887158d\" data-element_type=\"widget\" data-widget_type=\"image.default\">\n\t\t\t\t<div class=\"elementor-widget-container\">\n\t\t\t\t\t\t\t\t\t\t\t\t\t\t\t<img decoding=\"async\" src=\"https:\/\/reconis.de\/wp-content\/uploads\/2024\/01\/24_Grafik_01_1.svg\" class=\"attachment-full size-full wp-image-1922\" alt=\"\" \/>\t\t\t\t\t\t\t\t\t\t\t\t\t\t\t<\/div>\n\t\t\t\t<\/div>\n\t\t\t\t<\/div>\n\t\t\t\t\t<\/div>\n\t\t\t\t<\/div>\n\t\t<div class=\"elementor-element elementor-element-eafc29c e-flex e-con-boxed e-con e-parent\" data-id=\"eafc29c\" data-element_type=\"container\" data-settings=\"{&quot;background_background&quot;:&quot;classic&quot;}\">\n\t\t\t\t\t<div class=\"e-con-inner\">\n\t\t\t\t\t<\/div>\n\t\t\t\t<\/div>\n\t\t<div class=\"elementor-element elementor-element-1285c2b e-flex e-con-boxed e-con e-parent\" data-id=\"1285c2b\" data-element_type=\"container\" data-settings=\"{&quot;background_background&quot;:&quot;classic&quot;}\">\n\t\t\t\t\t<div class=\"e-con-inner\">\n\t\t<div class=\"elementor-element elementor-element-f359ed8 e-con-full e-flex e-con e-child\" data-id=\"f359ed8\" data-element_type=\"container\">\n\t\t\t\t<div class=\"elementor-element elementor-element-53bf9f8 elementor-widget elementor-widget-heading\" data-id=\"53bf9f8\" data-element_type=\"widget\" data-widget_type=\"heading.default\">\n\t\t\t\t<div class=\"elementor-widget-container\">\n\t\t\t\t\t<h2 class=\"elementor-heading-title elementor-size-default\">Was uns wichtig ist<\/h2>\t\t\t\t<\/div>\n\t\t\t\t<\/div>\n\t\t\t\t<\/div>\n\t\t<div class=\"elementor-element elementor-element-1890536 e-con-full e-flex e-con e-child\" data-id=\"1890536\" data-element_type=\"container\">\n\t\t\t\t<div class=\"elementor-element elementor-element-5baba03 elementor-blockquote--skin-quotation elementor-blockquote--button-color-official elementor-widget elementor-widget-blockquote\" data-id=\"5baba03\" data-element_type=\"widget\" data-widget_type=\"blockquote.default\">\n\t\t\t\t<div class=\"elementor-widget-container\">\n\t\t\t\t\t\t\t<blockquote class=\"elementor-blockquote\">\n\t\t\t<p class=\"elementor-blockquote__content\">\n\t\t\t\tWir sind \u00fcberzeugt, dass wir ressourcen&shy;schonender und zukunftsf\u00e4higer planen, bauen und Geb\u00e4ude instand halten m\u00fcssen. Dabei wird viel \u00fcber Bauweisen und technische Ausstattungen diskutiert.\t\t\t<\/p>\n\t\t\t\t\t<\/blockquote>\n\t\t\t\t\t\t<\/div>\n\t\t\t\t<\/div>\n\t\t\t\t<\/div>\n\t\t<div class=\"elementor-element elementor-element-6334143 e-con-full e-flex e-con e-child\" data-id=\"6334143\" data-element_type=\"container\">\n\t\t\t\t<div class=\"elementor-element elementor-element-c36fe0a elementor-blockquote--skin-quotation elementor-blockquote--button-color-official elementor-widget elementor-widget-blockquote\" data-id=\"c36fe0a\" data-element_type=\"widget\" data-widget_type=\"blockquote.default\">\n\t\t\t\t<div class=\"elementor-widget-container\">\n\t\t\t\t\t\t\t<blockquote class=\"elementor-blockquote\">\n\t\t\t<p class=\"elementor-blockquote__content\">\n\t\t\t\tWenig beachtet wird dagegen,  wie viele Ressourcen j\u00e4hrlich durch suboptimale Planungs- und Baupro&shy;zesse und Baum\u00e4ngel verschwendet werden. Deshalb setzen wir den Fokus auf nachhaltig erfolgreiche Planungs- und Bauprozesse.\t\t\t<\/p>\n\t\t\t\t\t<\/blockquote>\n\t\t\t\t\t\t<\/div>\n\t\t\t\t<\/div>\n\t\t\t\t<\/div>\n\t\t\t\t\t<\/div>\n\t\t\t\t<\/div>\n\t\t<div class=\"elementor-element elementor-element-b37f86f e-flex e-con-boxed e-con e-parent\" data-id=\"b37f86f\" data-element_type=\"container\" data-settings=\"{&quot;background_background&quot;:&quot;classic&quot;}\">\n\t\t\t\t\t<div class=\"e-con-inner\">\n\t\t\t\t<div class=\"elementor-element elementor-element-64aa2d7 elementor-widget elementor-widget-menu-anchor\" data-id=\"64aa2d7\" data-element_type=\"widget\" data-widget_type=\"menu-anchor.default\">\n\t\t\t\t<div class=\"elementor-widget-container\">\n\t\t\t\t\t\t\t<div class=\"elementor-menu-anchor\" id=\"Werwirsind\"><\/div>\n\t\t\t\t\t\t<\/div>\n\t\t\t\t<\/div>\n\t\t\t\t\t<\/div>\n\t\t\t\t<\/div>\n\t\t<div class=\"elementor-element elementor-element-a3c0672 e-flex e-con-boxed e-con e-parent\" data-id=\"a3c0672\" data-element_type=\"container\" data-settings=\"{&quot;background_background&quot;:&quot;classic&quot;}\">\n\t\t\t\t\t<div class=\"e-con-inner\">\n\t\t<div class=\"elementor-element elementor-element-35b161a e-flex e-con-boxed e-con e-child\" data-id=\"35b161a\" data-element_type=\"container\">\n\t\t\t\t\t<div class=\"e-con-inner\">\n\t\t\t\t<div class=\"elementor-element elementor-element-9e409c2 elementor-widget elementor-widget-heading\" data-id=\"9e409c2\" data-element_type=\"widget\" data-widget_type=\"heading.default\">\n\t\t\t\t<div class=\"elementor-widget-container\">\n\t\t\t\t\t<h2 class=\"elementor-heading-title elementor-size-default\">Wer wir sind<\/h2>\t\t\t\t<\/div>\n\t\t\t\t<\/div>\n\t\t\t\t\t<\/div>\n\t\t\t\t<\/div>\n\t\t<div class=\"elementor-element elementor-element-745bd77 e-flex e-con-boxed e-con e-child\" data-id=\"745bd77\" data-element_type=\"container\" data-settings=\"{&quot;background_background&quot;:&quot;classic&quot;}\">\n\t\t\t\t\t<div class=\"e-con-inner\">\n\t\t<div class=\"elementor-element elementor-element-9ced203 e-flex e-con-boxed e-con e-child\" data-id=\"9ced203\" data-element_type=\"container\">\n\t\t\t\t\t<div class=\"e-con-inner\">\n\t\t<div class=\"elementor-element elementor-element-6ffa76b e-con-full e-flex e-con e-child\" data-id=\"6ffa76b\" data-element_type=\"container\">\n\t\t\t\t<div class=\"elementor-element elementor-element-b98a67d elementor-widget elementor-widget-heading\" data-id=\"b98a67d\" data-element_type=\"widget\" data-widget_type=\"heading.default\">\n\t\t\t\t<div class=\"elementor-widget-container\">\n\t\t\t\t\t<h3 class=\"elementor-heading-title elementor-size-default\">Gesch\u00e4ftsf\u00fchrung<\/h3>\t\t\t\t<\/div>\n\t\t\t\t<\/div>\n\t\t\t\t<div class=\"elementor-element elementor-element-e0df1ee elementor-position-top elementor-widget elementor-widget-image-box\" data-id=\"e0df1ee\" data-element_type=\"widget\" data-widget_type=\"image-box.default\">\n\t\t\t\t<div class=\"elementor-widget-container\">\n\t\t\t\t\t<div class=\"elementor-image-box-wrapper\"><figure class=\"elementor-image-box-img\"><img fetchpriority=\"high\" decoding=\"async\" width=\"538\" height=\"300\" src=\"https:\/\/reconis.de\/wp-content\/uploads\/2024\/01\/24_Birne_538_300_96.jpg\" class=\"attachment-full size-full wp-image-2228\" alt=\"\" srcset=\"https:\/\/reconis.de\/wp-content\/uploads\/2024\/01\/24_Birne_538_300_96.jpg 538w, https:\/\/reconis.de\/wp-content\/uploads\/2024\/01\/24_Birne_538_300_96-300x167.jpg 300w\" sizes=\"(max-width: 538px) 100vw, 538px\" \/><\/figure><div class=\"elementor-image-box-content\"><p class=\"elementor-image-box-description\">Nina Spiegel und Marc We\u00dfling haben Reconis 2009 mit dem Ziel gegr\u00fcndet, innnovative Projektsteuerungs-Leistungen und technische Beratungen speziell f\u00fcr kleinere und mittlere Bauprojekte (ca. 5 bis 30 Mio. \u20ac) bzw. Bestandsimmobilien anzubieten. Beide waren zuvor langj\u00e4hrig in leitenden Positionen in der Bau- und Immobilienwirtschaft t\u00e4tig.<\/p><\/div><\/div>\t\t\t\t<\/div>\n\t\t\t\t<\/div>\n\t\t\t\t<\/div>\n\t\t<div class=\"elementor-element elementor-element-fc7bbe4 e-con-full e-flex e-con e-child\" data-id=\"fc7bbe4\" data-element_type=\"container\">\n\t\t\t\t<div class=\"elementor-element elementor-element-a8f7811 elementor-widget elementor-widget-heading\" data-id=\"a8f7811\" data-element_type=\"widget\" data-widget_type=\"heading.default\">\n\t\t\t\t<div class=\"elementor-widget-container\">\n\t\t\t\t\t<h3 class=\"elementor-heading-title elementor-size-default\">Fokus<\/h3>\t\t\t\t<\/div>\n\t\t\t\t<\/div>\n\t\t\t\t<div class=\"elementor-element elementor-element-09895b0 elementor-position-top elementor-widget elementor-widget-image-box\" data-id=\"09895b0\" data-element_type=\"widget\" data-widget_type=\"image-box.default\">\n\t\t\t\t<div class=\"elementor-widget-container\">\n\t\t\t\t\t<div class=\"elementor-image-box-wrapper\"><figure class=\"elementor-image-box-img\"><img decoding=\"async\" width=\"538\" height=\"300\" src=\"https:\/\/reconis.de\/wp-content\/uploads\/2024\/01\/24_Kompass_538_300_96.jpg\" class=\"attachment-full size-full wp-image-2224\" alt=\"\" srcset=\"https:\/\/reconis.de\/wp-content\/uploads\/2024\/01\/24_Kompass_538_300_96.jpg 538w, https:\/\/reconis.de\/wp-content\/uploads\/2024\/01\/24_Kompass_538_300_96-300x167.jpg 300w\" sizes=\"(max-width: 538px) 100vw, 538px\" \/><\/figure><div class=\"elementor-image-box-content\"><p class=\"elementor-image-box-description\">Wir behalten das gro\u00dfe Ganze im Blick und gehen, wo n\u00f6tig, ins Detail. Bei unserer T\u00e4tigkeit verbinden wir technische und \u00f6konomische Fragestellungen mit der Sensibilit\u00e4t f\u00fcr rechtliche Belange und Risiken. In diesem \"Dreiklang\" f\u00fchren wir unsere Projekte ausgewogen zu nachhaltigem Erfolg.<\/p><\/div><\/div>\t\t\t\t<\/div>\n\t\t\t\t<\/div>\n\t\t\t\t<\/div>\n\t\t<div class=\"elementor-element elementor-element-76b5c3c e-con-full e-flex e-con e-child\" data-id=\"76b5c3c\" data-element_type=\"container\">\n\t\t\t\t<div class=\"elementor-element elementor-element-b30af3d elementor-widget elementor-widget-heading\" data-id=\"b30af3d\" data-element_type=\"widget\" data-widget_type=\"heading.default\">\n\t\t\t\t<div class=\"elementor-widget-container\">\n\t\t\t\t\t<h3 class=\"elementor-heading-title elementor-size-default\">Kunden<\/h3>\t\t\t\t<\/div>\n\t\t\t\t<\/div>\n\t\t\t\t<div class=\"elementor-element elementor-element-347e1f6 elementor-position-top elementor-widget elementor-widget-image-box\" data-id=\"347e1f6\" data-element_type=\"widget\" data-widget_type=\"image-box.default\">\n\t\t\t\t<div class=\"elementor-widget-container\">\n\t\t\t\t\t<div class=\"elementor-image-box-wrapper\"><figure class=\"elementor-image-box-img\"><img decoding=\"async\" width=\"538\" height=\"300\" src=\"https:\/\/reconis.de\/wp-content\/uploads\/2024\/01\/24_Sterne_538_300_96.jpg\" class=\"attachment-full size-full wp-image-2230\" alt=\"\" srcset=\"https:\/\/reconis.de\/wp-content\/uploads\/2024\/01\/24_Sterne_538_300_96.jpg 538w, https:\/\/reconis.de\/wp-content\/uploads\/2024\/01\/24_Sterne_538_300_96-300x167.jpg 300w\" sizes=\"(max-width: 538px) 100vw, 538px\" \/><\/figure><div class=\"elementor-image-box-content\"><p class=\"elementor-image-box-description\">Zu unseren Kunden z\u00e4hlen schwerpunktm\u00e4\u00dfig private Investoren, Family Offices und mittelst\u00e4ndische Unternehmen. Im Bereich der technisch-wirtschaftlichen Beratung arbeiten wir zudem mit Banken und Rechtsanwalts&shy;kanzleien zusammen. Im Falle konkreter Anfragen nennen wir Ihnen gerne Referenzen. <\/p><\/div><\/div>\t\t\t\t<\/div>\n\t\t\t\t<\/div>\n\t\t\t\t<\/div>\n\t\t\t\t\t<\/div>\n\t\t\t\t<\/div>\n\t\t\t\t\t<\/div>\n\t\t\t\t<\/div>\n\t\t\t\t\t<\/div>\n\t\t\t\t<\/div>\n\t\t<div class=\"elementor-element elementor-element-43ef94f e-flex e-con-boxed e-con e-parent\" data-id=\"43ef94f\" data-element_type=\"container\" data-settings=\"{&quot;background_background&quot;:&quot;classic&quot;}\">\n\t\t\t\t\t<div class=\"e-con-inner\">\n\t\t<div class=\"elementor-element elementor-element-bd7bb59 e-con-full e-flex e-con e-child\" data-id=\"bd7bb59\" data-element_type=\"container\">\n\t\t\t\t<div class=\"elementor-element elementor-element-80c4d93 elementor-blockquote--skin-quotation elementor-blockquote--button-color-official elementor-widget elementor-widget-blockquote\" data-id=\"80c4d93\" data-element_type=\"widget\" data-widget_type=\"blockquote.default\">\n\t\t\t\t<div class=\"elementor-widget-container\">\n\t\t\t\t\t\t\t<blockquote class=\"elementor-blockquote\">\n\t\t\t<p class=\"elementor-blockquote__content\">\n\t\t\t\tBeim Bau unserer neuen Firmengeba\u0308ude haben wir sehr deutlich den Mehrwert, den die Projektsteuerungs&shy;leistung von Reconis fu\u0308r Bauherren bedeutet, erkannt. Sachlich, beharrlich und mit gro\u00dfer Fachkenntnis hat Reconis unsere Interessen vertreten. Hinzu kam die \u00dcbernahme von Bauherrenaufgaben, verbunden mit einer Entlastung in unserem Tagesgesch\u00e4ft.\t\t\t<\/p>\n\t\t\t\t\t<\/blockquote>\n\t\t\t\t\t\t<\/div>\n\t\t\t\t<\/div>\n\t\t\t\t<\/div>\n\t\t\t\t<div class=\"elementor-element elementor-element-1845326 elementor-widget elementor-widget-menu-anchor\" data-id=\"1845326\" data-element_type=\"widget\" data-widget_type=\"menu-anchor.default\">\n\t\t\t\t<div class=\"elementor-widget-container\">\n\t\t\t\t\t\t\t<div class=\"elementor-menu-anchor\" id=\"Wiewirarbeiten\"><\/div>\n\t\t\t\t\t\t<\/div>\n\t\t\t\t<\/div>\n\t\t\t\t\t<\/div>\n\t\t\t\t<\/div>\n\t\t<div class=\"elementor-element elementor-element-c8f7d35 e-flex e-con-boxed e-con e-parent\" data-id=\"c8f7d35\" data-element_type=\"container\">\n\t\t\t\t\t<div class=\"e-con-inner\">\n\t\t\t\t<div class=\"elementor-element elementor-element-7f07c62 elementor-widget-tablet__width-initial elementor-widget elementor-widget-heading\" data-id=\"7f07c62\" data-element_type=\"widget\" data-widget_type=\"heading.default\">\n\t\t\t\t<div class=\"elementor-widget-container\">\n\t\t\t\t\t<h2 class=\"elementor-heading-title elementor-size-default\">Wie wir arbeiten<\/h2>\t\t\t\t<\/div>\n\t\t\t\t<\/div>\n\t\t\t\t\t<\/div>\n\t\t\t\t<\/div>\n\t\t<div class=\"elementor-element elementor-element-af11cf7 e-flex e-con-boxed e-con e-child\" data-id=\"af11cf7\" data-element_type=\"container\" data-settings=\"{&quot;background_background&quot;:&quot;classic&quot;}\">\n\t\t\t\t\t<div class=\"e-con-inner\">\n\t\t<div class=\"elementor-element elementor-element-7f440f0 e-flex e-con-boxed e-con e-child\" data-id=\"7f440f0\" data-element_type=\"container\">\n\t\t\t\t\t<div class=\"e-con-inner\">\n\t\t<div class=\"elementor-element elementor-element-13b2e7e e-con-full e-flex e-con e-child\" data-id=\"13b2e7e\" data-element_type=\"container\">\n\t\t\t\t<div class=\"elementor-element elementor-element-1463be4 elementor-widget elementor-widget-heading\" data-id=\"1463be4\" data-element_type=\"widget\" data-widget_type=\"heading.default\">\n\t\t\t\t<div class=\"elementor-widget-container\">\n\t\t\t\t\t<h3 class=\"elementor-heading-title elementor-size-default\">Wir arbeiten genau und denken in Zusammenh\u00e4ngen<\/h3>\t\t\t\t<\/div>\n\t\t\t\t<\/div>\n\t\t\t\t<div class=\"elementor-element elementor-element-f02a104 elementor-widget elementor-widget-image-box\" data-id=\"f02a104\" data-element_type=\"widget\" data-widget_type=\"image-box.default\">\n\t\t\t\t<div class=\"elementor-widget-container\">\n\t\t\t\t\t<div class=\"elementor-image-box-wrapper\"><div class=\"elementor-image-box-content\"><p class=\"elementor-image-box-description\">Wer wei\u00df, was er will, Anforderungen klar und genau beschreibt, durchg\u00e4ngig plant, in Auftragsgrundlagen umsetzt und die Ausf\u00fchrung sorgf\u00e4ltig \u00fcberwacht, bekommt das gew\u00fcnschte Endprodukt. Wir steuern Bauteams mit diesen Guidelines.<\/p><\/div><\/div>\t\t\t\t<\/div>\n\t\t\t\t<\/div>\n\t\t\t\t<\/div>\n\t\t<div class=\"elementor-element elementor-element-94294da e-con-full e-flex e-con e-child\" data-id=\"94294da\" data-element_type=\"container\">\n\t\t\t\t<div class=\"elementor-element elementor-element-5575612 elementor-widget elementor-widget-heading\" data-id=\"5575612\" data-element_type=\"widget\" data-widget_type=\"heading.default\">\n\t\t\t\t<div class=\"elementor-widget-container\">\n\t\t\t\t\t<h3 class=\"elementor-heading-title elementor-size-default\">Wir l\u00f6sen Probleme, wenn sie auftreten<\/h3>\t\t\t\t<\/div>\n\t\t\t\t<\/div>\n\t\t\t\t<div class=\"elementor-element elementor-element-9c387c6 elementor-widget elementor-widget-image-box\" data-id=\"9c387c6\" data-element_type=\"widget\" data-widget_type=\"image-box.default\">\n\t\t\t\t<div class=\"elementor-widget-container\">\n\t\t\t\t\t<div class=\"elementor-image-box-wrapper\"><div class=\"elementor-image-box-content\"><p class=\"elementor-image-box-description\">Denn die oft mit Verweis auf vermeintliche Zeitnot anzutreffende Praxis der Verschiebung von Probleml\u00f6sungen auf einen sp\u00e4teren Zeitpunkt f\u00fchrt in Summe nahezu immer zu h\u00f6heren Zeitverlusten und Aufwendungen.<\/p><\/div><\/div>\t\t\t\t<\/div>\n\t\t\t\t<\/div>\n\t\t\t\t<\/div>\n\t\t<div class=\"elementor-element elementor-element-b5c8ca0 e-con-full e-flex e-con e-child\" data-id=\"b5c8ca0\" data-element_type=\"container\">\n\t\t\t\t<div class=\"elementor-element elementor-element-64f1ec0 elementor-widget elementor-widget-heading\" data-id=\"64f1ec0\" data-element_type=\"widget\" data-widget_type=\"heading.default\">\n\t\t\t\t<div class=\"elementor-widget-container\">\n\t\t\t\t\t<h3 class=\"elementor-heading-title elementor-size-default\">Wir sind Teamplayer<\/h3>\t\t\t\t<\/div>\n\t\t\t\t<\/div>\n\t\t\t\t<div class=\"elementor-element elementor-element-b285147 elementor-widget elementor-widget-image-box\" data-id=\"b285147\" data-element_type=\"widget\" data-widget_type=\"image-box.default\">\n\t\t\t\t<div class=\"elementor-widget-container\">\n\t\t\t\t\t<div class=\"elementor-image-box-wrapper\"><div class=\"elementor-image-box-content\"><p class=\"elementor-image-box-description\">Fast jede Bauaufgabe bringt viele unterschiedliche Beteiligte in tempor\u00e4ren Teams zusammen. Wir setzen uns f\u00fcr ein gemeinsames Projektverst\u00e4ndnis, gute Kommunikation, klare Abstimmungen und den offenen Umgang mit Fehlern ein.<\/p><\/div><\/div>\t\t\t\t<\/div>\n\t\t\t\t<\/div>\n\t\t\t\t<\/div>\n\t\t\t\t\t<\/div>\n\t\t\t\t<\/div>\n\t\t\t\t\t<\/div>\n\t\t\t\t<\/div>\n\t\t<div class=\"elementor-element elementor-element-8ce1b32 e-flex e-con-boxed e-con e-parent\" data-id=\"8ce1b32\" data-element_type=\"container\" data-settings=\"{&quot;background_background&quot;:&quot;classic&quot;}\">\n\t\t\t\t\t<div class=\"e-con-inner\">\n\t\t\t\t<div class=\"elementor-element elementor-element-dbdf4cc elementor-widget elementor-widget-menu-anchor\" data-id=\"dbdf4cc\" data-element_type=\"widget\" data-widget_type=\"menu-anchor.default\">\n\t\t\t\t<div class=\"elementor-widget-container\">\n\t\t\t\t\t\t\t<div class=\"elementor-menu-anchor\" id=\"TestAnker\"><\/div>\n\t\t\t\t\t\t<\/div>\n\t\t\t\t<\/div>\n\t\t<div class=\"elementor-element elementor-element-89e268e e-con-full e-flex e-con e-child\" data-id=\"89e268e\" data-element_type=\"container\" data-settings=\"{&quot;background_background&quot;:&quot;classic&quot;}\">\n\t\t\t\t<div class=\"elementor-element elementor-element-57edc02 elementor-widget elementor-widget-image\" data-id=\"57edc02\" data-element_type=\"widget\" data-widget_type=\"image.default\">\n\t\t\t\t<div class=\"elementor-widget-container\">\n\t\t\t\t\t\t\t\t\t\t\t\t\t\t\t<img loading=\"lazy\" decoding=\"async\" width=\"538\" height=\"300\" src=\"https:\/\/reconis.de\/wp-content\/uploads\/2024\/01\/24_Netz_538_300_96.jpg\" class=\"attachment-full size-full wp-image-2369\" alt=\"\" srcset=\"https:\/\/reconis.de\/wp-content\/uploads\/2024\/01\/24_Netz_538_300_96.jpg 538w, https:\/\/reconis.de\/wp-content\/uploads\/2024\/01\/24_Netz_538_300_96-300x167.jpg 300w\" sizes=\"(max-width: 538px) 100vw, 538px\" \/>\t\t\t\t\t\t\t\t\t\t\t\t\t\t\t<\/div>\n\t\t\t\t<\/div>\n\t\t\t\t<\/div>\n\t\t<div class=\"elementor-element elementor-element-b8149c9 e-con-full e-flex e-con e-child\" data-id=\"b8149c9\" data-element_type=\"container\">\n\t\t\t\t<div class=\"elementor-element elementor-element-dfb4a57 elementor-widget elementor-widget-heading\" data-id=\"dfb4a57\" data-element_type=\"widget\" data-widget_type=\"heading.default\">\n\t\t\t\t<div class=\"elementor-widget-container\">\n\t\t\t\t\t<h2 class=\"elementor-heading-title elementor-size-default\">Wir k\u00f6nnen auch Trouble Shooting<\/h2>\t\t\t\t<\/div>\n\t\t\t\t<\/div>\n\t\t\t\t<div class=\"elementor-element elementor-element-ce9cab4 elementor-widget elementor-widget-text-editor\" data-id=\"ce9cab4\" data-element_type=\"widget\" data-widget_type=\"text-editor.default\">\n\t\t\t\t<div class=\"elementor-widget-container\">\n\t\t\t\t\t\t\t\t\t<p>Sie sind als Bauherr, Investor, Projektanwalt oder finanzierende Bank mit gest\u00f6rten Bau- und Planungsabl\u00e4ufen oder komplexen Baumangelsituationen befasst? Erfahren Sie hier, wie wir Sie unterst\u00fctzen k\u00f6nnen.<\/p>\t\t\t\t\t\t\t\t<\/div>\n\t\t\t\t<\/div>\n\t\t\t\t<div class=\"elementor-element elementor-element-d60a8c3 elementor-widget elementor-widget-button\" data-id=\"d60a8c3\" data-element_type=\"widget\" data-widget_type=\"button.default\">\n\t\t\t\t<div class=\"elementor-widget-container\">\n\t\t\t\t\t\t\t\t\t<div class=\"elementor-button-wrapper\">\n\t\t\t\t\t<a class=\"elementor-button elementor-button-link elementor-size-xs\" href=\"https:\/\/reconis.de\/index.php\/technische-beratung\/\">\n\t\t\t\t\t\t<span class=\"elementor-button-content-wrapper\">\n\t\t\t\t\t\t\t\t\t<span class=\"elementor-button-text\">Mehr erfahren<\/span>\n\t\t\t\t\t<\/span>\n\t\t\t\t\t<\/a>\n\t\t\t\t<\/div>\n\t\t\t\t\t\t\t\t<\/div>\n\t\t\t\t<\/div>\n\t\t\t\t<\/div>\n\t\t\t\t\t<\/div>\n\t\t\t\t<\/div>\n\t\t<div class=\"elementor-element elementor-element-7d13198 e-flex e-con-boxed e-con e-parent\" data-id=\"7d13198\" data-element_type=\"container\" data-settings=\"{&quot;background_background&quot;:&quot;classic&quot;}\">\n\t\t\t\t\t<div class=\"e-con-inner\">\n\t\t\t\t<div class=\"elementor-element elementor-element-35730ee elementor-widget__width-initial elementor-widget-tablet_extra__width-initial elementor-widget elementor-widget-heading\" data-id=\"35730ee\" data-element_type=\"widget\" data-widget_type=\"heading.default\">\n\t\t\t\t<div class=\"elementor-widget-container\">\n\t\t\t\t\t<h2 class=\"elementor-heading-title elementor-size-default\">Gerne informieren wir Sie im Detail zu unseren Dienstleistungen. Kommen Sie auf uns zu!<\/h2>\t\t\t\t<\/div>\n\t\t\t\t<\/div>\n\t\t\t\t\t<\/div>\n\t\t\t\t<\/div>\n\t\t<div class=\"elementor-element elementor-element-311a37e e-flex e-con-boxed e-con e-parent\" data-id=\"311a37e\" data-element_type=\"container\" data-settings=\"{&quot;background_background&quot;:&quot;classic&quot;}\">\n\t\t\t\t\t<div class=\"e-con-inner\">\n\t\t\t\t<div class=\"elementor-element elementor-element-af90191 elementor-widget elementor-widget-menu-anchor\" data-id=\"af90191\" data-element_type=\"widget\" data-widget_type=\"menu-anchor.default\">\n\t\t\t\t<div class=\"elementor-widget-container\">\n\t\t\t\t\t\t\t<div class=\"elementor-menu-anchor\" id=\"Kontakt\"><\/div>\n\t\t\t\t\t\t<\/div>\n\t\t\t\t<\/div>\n\t\t\t\t\t<\/div>\n\t\t\t\t<\/div>\n\t\t\t\t<\/div>\n\t\t","protected":false},"excerpt":{"rendered":"<p>D\u00fcsseldorf<\/p>\n","protected":false},"author":1,"featured_media":0,"parent":0,"menu_order":0,"comment_status":"closed","ping_status":"closed","template":"","meta":{"footnotes":""},"class_list":["post-91","page","type-page","status-publish","hentry"],"_links":{"self":[{"href":"https:\/\/reconis.de\/index.php\/wp-json\/wp\/v2\/pages\/91","targetHints":{"allow":["GET"]}}],"collection":[{"href":"https:\/\/reconis.de\/index.php\/wp-json\/wp\/v2\/pages"}],"about":[{"href":"https:\/\/reconis.de\/index.php\/wp-json\/wp\/v2\/types\/page"}],"author":[{"embeddable":true,"href":"https:\/\/reconis.de\/index.php\/wp-json\/wp\/v2\/users\/1"}],"replies":[{"embeddable":true,"href":"https:\/\/reconis.de\/index.php\/wp-json\/wp\/v2\/comments?post=91"}],"version-history":[{"count":1126,"href":"https:\/\/reconis.de\/index.php\/wp-json\/wp\/v2\/pages\/91\/revisions"}],"predecessor-version":[{"id":2979,"href":"https:\/\/reconis.de\/index.php\/wp-json\/wp\/v2\/pages\/91\/revisions\/2979"}],"wp:attachment":[{"href":"https:\/\/reconis.de\/index.php\/wp-json\/wp\/v2\/media?parent=91"}],"curies":[{"name":"wp","href":"https:\/\/api.w.org\/{rel}","templated":true}]}}